{"id":21,"date":"2025-02-11T15:54:02","date_gmt":"2025-02-11T15:54:02","guid":{"rendered":"https:\/\/sannafjallet.se\/?page_id=21"},"modified":"2025-02-24T07:34:08","modified_gmt":"2025-02-24T07:34:08","slug":"sannafjallet-2","status":"publish","type":"page","link":"https:\/\/sannafjallet.se\/","title":{"rendered":"Sannafj\u00e4llet"},"content":{"rendered":"\t\t<div data-elementor-type=\"wp-page\" data-elementor-id=\"21\" class=\"elementor elementor-21\" data-elementor-post-type=\"page\">\n\t\t\t\t<div class=\"elementor-element elementor-element-083af52 e-flex e-con-boxed e-con e-parent\" data-id=\"083af52\" data-element_type=\"container\">\n\t\t\t\t\t<div class=\"e-con-inner\">\n\t\t\t\t<div class=\"elementor-element elementor-element-7a246d8 elementor-widget elementor-widget-heading\" data-id=\"7a246d8\" data-element_type=\"widget\" data-widget_type=\"heading.default\">\n\t\t\t\t<div class=\"elementor-widget-container\">\n\t\t\t\t\t<h2 class=\"elementor-heading-title elementor-size-default\">V\u00e4lkommen till Sannafj\u00e4llet \u2013 F\u00f6r en glad och frisk katt! <\/h2>\t\t\t\t<\/div>\n\t\t\t\t<\/div>\n\t\t\t\t<div class=\"elementor-element elementor-element-7bb4896 elementor-widget elementor-widget-text-editor\" data-id=\"7bb4896\" data-element_type=\"widget\" data-widget_type=\"text-editor.default\">\n\t\t\t\t<div class=\"elementor-widget-container\">\n\t\t\t\t\t\t\t\t\t<p data-start=\"162\" data-end=\"338\">Att ha en katt \u00e4r en fantastisk upplevelse, men det kommer ocks\u00e5 med ansvar. H\u00e4r p\u00e5 Sannafj\u00e4llet hj\u00e4lper vi dig att f\u00f6rst\u00e5 din katt b\u00e4ttre och ge den det b\u00e4sta livet m\u00f6jligt.<\/p><p data-start=\"340\" data-end=\"591\">Oavsett om du undrar hur du sk\u00f6ter p\u00e4lsen, vilket foder som \u00e4r b\u00e4st, eller hur du aktiverar din katt, s\u00e5 har vi tips och r\u00e5d f\u00f6r dig. Vi tror p\u00e5 en vardag fylld med k\u00e4rlek, lek och r\u00e4tt sk\u00f6tsel f\u00f6r att din katt ska m\u00e5 bra \u2013 b\u00e5de fysiskt och mentalt.<\/p>\t\t\t\t\t\t\t\t<\/div>\n\t\t\t\t<\/div>\n\t\t\t\t\t<\/div>\n\t\t\t\t<\/div>\n\t\t<div class=\"elementor-element elementor-element-5820c87 e-flex e-con-boxed e-con e-parent\" data-id=\"5820c87\" data-element_type=\"container\" data-settings=\"{&quot;background_background&quot;:&quot;classic&quot;}\">\n\t\t\t\t\t<div class=\"e-con-inner\">\n\t\t\t\t<div class=\"elementor-element elementor-element-6624e33 elementor-widget__width-inherit elementor-view-default elementor-position-top elementor-mobile-position-top elementor-widget elementor-widget-icon-box\" data-id=\"6624e33\" data-element_type=\"widget\" data-widget_type=\"icon-box.default\">\n\t\t\t\t<div class=\"elementor-widget-container\">\n\t\t\t\t\t\t\t<div class=\"elementor-icon-box-wrapper\">\n\n\t\t\t\t\t\t<div class=\"elementor-icon-box-icon\">\n\t\t\t\t<span  class=\"elementor-icon\">\n\t\t\t\t<svg aria-hidden=\"true\" class=\"e-font-icon-svg e-fas-cat\" viewBox=\"0 0 512 512\" xmlns=\"http:\/\/www.w3.org\/2000\/svg\"><path d=\"M290.59 192c-20.18 0-106.82 1.98-162.59 85.95V192c0-52.94-43.06-96-96-96-17.67 0-32 14.33-32 32s14.33 32 32 32c17.64 0 32 14.36 32 32v256c0 35.3 28.7 64 64 64h176c8.84 0 16-7.16 16-16v-16c0-17.67-14.33-32-32-32h-32l128-96v144c0 8.84 7.16 16 16 16h32c8.84 0 16-7.16 16-16V289.86c-10.29 2.67-20.89 4.54-32 4.54-61.81 0-113.52-44.05-125.41-102.4zM448 96h-64l-64-64v134.4c0 53.02 42.98 96 96 96s96-42.98 96-96V32l-64 64zm-72 80c-8.84 0-16-7.16-16-16s7.16-16 16-16 16 7.16 16 16-7.16 16-16 16zm80 0c-8.84 0-16-7.16-16-16s7.16-16 16-16 16 7.16 16 16-7.16 16-16 16z\"><\/path><\/svg>\t\t\t\t<\/span>\n\t\t\t<\/div>\n\t\t\t\n\t\t\t\t\t\t<div class=\"elementor-icon-box-content\">\n\n\t\t\t\t\n\t\t\t\t\t\t\t\t\t<p class=\"elementor-icon-box-description\">\n\t\t\t\t\t\t Uppt\u00e4ck v\u00e5ra senaste artiklar om kattv\u00e5rd\t\t\t\t\t<\/p>\n\t\t\t\t\n\t\t\t<\/div>\n\t\t\t\n\t\t<\/div>\n\t\t\t\t\t\t<\/div>\n\t\t\t\t<\/div>\n\t\t\t\t<div class=\"elementor-element elementor-element-17e3d91 elementor-widget__width-inherit elementor-view-default elementor-position-top elementor-mobile-position-top elementor-widget elementor-widget-icon-box\" data-id=\"17e3d91\" data-element_type=\"widget\" data-widget_type=\"icon-box.default\">\n\t\t\t\t<div class=\"elementor-widget-container\">\n\t\t\t\t\t\t\t<div class=\"elementor-icon-box-wrapper\">\n\n\t\t\t\t\t\t<div class=\"elementor-icon-box-icon\">\n\t\t\t\t<span  class=\"elementor-icon\">\n\t\t\t\t<svg aria-hidden=\"true\" class=\"e-font-icon-svg e-fas-thumbs-up\" viewBox=\"0 0 512 512\" xmlns=\"http:\/\/www.w3.org\/2000\/svg\"><path d=\"M104 224H24c-13.255 0-24 10.745-24 24v240c0 13.255 10.745 24 24 24h80c13.255 0 24-10.745 24-24V248c0-13.255-10.745-24-24-24zM64 472c-13.255 0-24-10.745-24-24s10.745-24 24-24 24 10.745 24 24-10.745 24-24 24zM384 81.452c0 42.416-25.97 66.208-33.277 94.548h101.723c33.397 0 59.397 27.746 59.553 58.098.084 17.938-7.546 37.249-19.439 49.197l-.11.11c9.836 23.337 8.237 56.037-9.308 79.469 8.681 25.895-.069 57.704-16.382 74.757 4.298 17.598 2.244 32.575-6.148 44.632C440.202 511.587 389.616 512 346.839 512l-2.845-.001c-48.287-.017-87.806-17.598-119.56-31.725-15.957-7.099-36.821-15.887-52.651-16.178-6.54-.12-11.783-5.457-11.783-11.998v-213.77c0-3.2 1.282-6.271 3.558-8.521 39.614-39.144 56.648-80.587 89.117-113.111 14.804-14.832 20.188-37.236 25.393-58.902C282.515 39.293 291.817 0 312 0c24 0 72 8 72 81.452z\"><\/path><\/svg>\t\t\t\t<\/span>\n\t\t\t<\/div>\n\t\t\t\n\t\t\t\t\t\t<div class=\"elementor-icon-box-content\">\n\n\t\t\t\t\n\t\t\t\t\t\t\t\t\t<p class=\"elementor-icon-box-description\">\n\t\t\t\t\t\tL\u00e4r dig hur du skapar en trygg och stimulerande milj\u00f6 f\u00f6r din katt\t\t\t\t\t<\/p>\n\t\t\t\t\n\t\t\t<\/div>\n\t\t\t\n\t\t<\/div>\n\t\t\t\t\t\t<\/div>\n\t\t\t\t<\/div>\n\t\t\t\t<div class=\"elementor-element elementor-element-dad16a9 elementor-widget__width-inherit elementor-view-default elementor-position-top elementor-mobile-position-top elementor-widget elementor-widget-icon-box\" data-id=\"dad16a9\" data-element_type=\"widget\" data-widget_type=\"icon-box.default\">\n\t\t\t\t<div class=\"elementor-widget-container\">\n\t\t\t\t\t\t\t<div class=\"elementor-icon-box-wrapper\">\n\n\t\t\t\t\t\t<div class=\"elementor-icon-box-icon\">\n\t\t\t\t<span  class=\"elementor-icon\">\n\t\t\t\t<svg aria-hidden=\"true\" class=\"e-font-icon-svg e-fas-heart\" viewBox=\"0 0 512 512\" xmlns=\"http:\/\/www.w3.org\/2000\/svg\"><path d=\"M462.3 62.6C407.5 15.9 326 24.3 275.7 76.2L256 96.5l-19.7-20.3C186.1 24.3 104.5 15.9 49.7 62.6c-62.8 53.6-66.1 149.8-9.9 207.9l193.5 199.8c12.5 12.9 32.8 12.9 45.3 0l193.5-199.8c56.3-58.1 53-154.3-9.8-207.9z\"><\/path><\/svg>\t\t\t\t<\/span>\n\t\t\t<\/div>\n\t\t\t\n\t\t\t\t\t\t<div class=\"elementor-icon-box-content\">\n\n\t\t\t\t\n\t\t\t\t\t\t\t\t\t<p class=\"elementor-icon-box-description\">\n\t\t\t\t\t\t<strong data-start=\"722\" data-end=\"772\">F\u00e5 experttips om h\u00e4lsa, beteende och v\u00e4lm\u00e5ende<\/strong>\t\t\t\t\t<\/p>\n\t\t\t\t\n\t\t\t<\/div>\n\t\t\t\n\t\t<\/div>\n\t\t\t\t\t\t<\/div>\n\t\t\t\t<\/div>\n\t\t\t\t\t<\/div>\n\t\t\t\t<\/div>\n\t\t<div class=\"elementor-element elementor-element-bcaf71a e-flex e-con-boxed e-con e-parent\" data-id=\"bcaf71a\" data-element_type=\"container\">\n\t\t\t\t\t<div class=\"e-con-inner\">\n\t\t\t\t<div class=\"elementor-element elementor-element-28ce443 elementor-widget elementor-widget-heading\" data-id=\"28ce443\" data-element_type=\"widget\" data-widget_type=\"heading.default\">\n\t\t\t\t<div class=\"elementor-widget-container\">\n\t\t\t\t\t<h2 class=\"elementor-heading-title elementor-size-default\">Senaste inl\u00e4ggen<\/h2>\t\t\t\t<\/div>\n\t\t\t\t<\/div>\n\t\t\t\t<div class=\"elementor-element elementor-element-8f4b754 elementor-grid-2 elementor-posts--thumbnail-none elementor-posts--align-left elementor-grid-tablet-2 elementor-grid-mobile-1 elementor-card-shadow-yes elementor-posts__hover-gradient elementor-widget elementor-widget-posts\" data-id=\"8f4b754\" data-element_type=\"widget\" data-settings=\"{&quot;cards_columns&quot;:&quot;2&quot;,&quot;cards_columns_tablet&quot;:&quot;2&quot;,&quot;cards_columns_mobile&quot;:&quot;1&quot;,&quot;cards_row_gap&quot;:{&quot;unit&quot;:&quot;px&quot;,&quot;size&quot;:35,&quot;sizes&quot;:[]},&quot;cards_row_gap_tablet&quot;:{&quot;unit&quot;:&quot;px&quot;,&quot;size&quot;:&quot;&quot;,&quot;sizes&quot;:[]},&quot;cards_row_gap_mobile&quot;:{&quot;unit&quot;:&quot;px&quot;,&quot;size&quot;:&quot;&quot;,&quot;sizes&quot;:[]}}\" data-widget_type=\"posts.cards\">\n\t\t\t\t<div class=\"elementor-widget-container\">\n\t\t\t\t\t\t\t<div class=\"elementor-posts-container elementor-posts elementor-posts--skin-cards elementor-grid\">\n\t\t\t\t<article class=\"elementor-post elementor-grid-item post-19 post type-post status-publish format-standard has-post-thumbnail hentry category-omvardnad\">\n\t\t\t<div class=\"elementor-post__card\">\n\t\t\t\t<div class=\"elementor-post__text\">\n\t\t\t\t<h3 class=\"elementor-post__title\">\n\t\t\t<a href=\"https:\/\/sannafjallet.se\/?p=19\" >\n\t\t\t\tB\u00e4sta leksakerna f\u00f6r att aktivera din katt\t\t\t<\/a>\n\t\t<\/h3>\n\t\t\t\t<div class=\"elementor-post__excerpt\">\n\t\t\t<p>Katter beh\u00f6ver mental och fysisk stimulans. H\u00e4r \u00e4r n\u00e5gra av de b\u00e4sta leksakerna! 1. Interaktiva leksaker 2. Jaktleksaker 3. Kl\u00f6sbr\u00e4dor och kl\u00e4tterst\u00e4llningar Variera leksakerna och byt ut dem ibland f\u00f6r att h\u00e5lla katten intresserad!<\/p>\n\t\t<\/div>\n\t\t\t\t\t<div class=\"elementor-post__read-more-wrapper\">\n\t\t\n\t\t<a class=\"elementor-post__read-more\" href=\"https:\/\/sannafjallet.se\/?p=19\" aria-label=\"Read more about B\u00e4sta leksakerna f\u00f6r att aktivera din katt\" tabindex=\"-1\" >\n\t\t\tL\u00e4s mer \u00bb\t\t<\/a>\n\n\t\t\t\t\t<\/div>\n\t\t\t\t<\/div>\n\t\t\t\t<div class=\"elementor-post__meta-data\">\n\t\t\t\t\t<span class=\"elementor-post-author\">\n\t\t\tSannafjallet\t\t<\/span>\n\t\t\t\t<span class=\"elementor-post-date\">\n\t\t\t11 February 2025\t\t<\/span>\n\t\t\t\t<\/div>\n\t\t\t\t\t<\/div>\n\t\t<\/article>\n\t\t\t\t<article class=\"elementor-post elementor-grid-item post-17 post type-post status-publish format-standard has-post-thumbnail hentry category-omvardnad\">\n\t\t\t<div class=\"elementor-post__card\">\n\t\t\t\t<div class=\"elementor-post__text\">\n\t\t\t\t<h3 class=\"elementor-post__title\">\n\t\t\t<a href=\"https:\/\/sannafjallet.se\/?p=17\" >\n\t\t\t\tSkaffa en innekatt? H\u00e4r \u00e4r allt du beh\u00f6ver veta!\t\t\t<\/a>\n\t\t<\/h3>\n\t\t\t\t<div class=\"elementor-post__excerpt\">\n\t\t\t<p>Att ha en innekatt kan vara ett fantastiskt val, men det kr\u00e4ver lite extra omsorg. 1. Skapa en stimulerande milj\u00f6 2. Se till att katten f\u00e5r motion Leksaker som stimulerar jaktinstinkten, exempelvis fj\u00e4dervippor och laserpekare. 3. T\u00e4nk p\u00e5 kattl\u00e5dan 4. F\u00e5 in rutiner Katter \u00e4lskar rutiner. Mata och lek vid<\/p>\n\t\t<\/div>\n\t\t\t\t\t<div class=\"elementor-post__read-more-wrapper\">\n\t\t\n\t\t<a class=\"elementor-post__read-more\" href=\"https:\/\/sannafjallet.se\/?p=17\" aria-label=\"Read more about Skaffa en innekatt? H\u00e4r \u00e4r allt du beh\u00f6ver veta!\" tabindex=\"-1\" >\n\t\t\tL\u00e4s mer \u00bb\t\t<\/a>\n\n\t\t\t\t\t<\/div>\n\t\t\t\t<\/div>\n\t\t\t\t<div class=\"elementor-post__meta-data\">\n\t\t\t\t\t<span class=\"elementor-post-author\">\n\t\t\tSannafjallet\t\t<\/span>\n\t\t\t\t<span class=\"elementor-post-date\">\n\t\t\t11 February 2025\t\t<\/span>\n\t\t\t\t<\/div>\n\t\t\t\t\t<\/div>\n\t\t<\/article>\n\t\t\t\t<\/div>\n\t\t\n\t\t\t\t\t\t<\/div>\n\t\t\t\t<\/div>\n\t\t\t\t\t<\/div>\n\t\t\t\t<\/div>\n\t\t\t\t<\/div>\n\t\t","protected":false},"excerpt":{"rendered":"<p>V\u00e4lkommen till Sannafj\u00e4llet \u2013 F\u00f6r en glad och frisk katt! Att ha en katt \u00e4r en fantastisk upplevelse, men det kommer ocks\u00e5 med ansvar. H\u00e4r p\u00e5 Sannafj\u00e4llet hj\u00e4lper vi dig att f\u00f6rst\u00e5 din katt b\u00e4ttre och ge den det b\u00e4sta livet m\u00f6jligt. Oavsett om du undrar hur du sk\u00f6ter p\u00e4lsen, vilket foder som \u00e4r b\u00e4st, [&hellip;]<\/p>\n","protected":false},"author":2,"featured_media":0,"parent":0,"menu_order":0,"comment_status":"closed","ping_status":"closed","template":"","meta":{"footnotes":""},"class_list":["post-21","page","type-page","status-publish","hentry"],"yoast_head":"<!-- This site is optimized with the Yoast SEO plugin v24.4 - https:\/\/yoast.com\/wordpress\/plugins\/seo\/ -->\n<title>Sannafj\u00e4llet - sannafjallet.se<\/title>\n<meta name=\"robots\" content=\"index, follow, max-snippet:-1, max-image-preview:large, max-video-preview:-1\" \/>\n<link rel=\"canonical\" href=\"https:\/\/sannafjallet.se\/\" \/>\n<meta property=\"og:locale\" content=\"en_US\" \/>\n<meta property=\"og:type\" content=\"article\" \/>\n<meta property=\"og:title\" content=\"Sannafj\u00e4llet - sannafjallet.se\" \/>\n<meta property=\"og:description\" content=\"V\u00e4lkommen till Sannafj\u00e4llet \u2013 F\u00f6r en glad och frisk katt! Att ha en katt \u00e4r en fantastisk upplevelse, men det kommer ocks\u00e5 med ansvar. H\u00e4r p\u00e5 Sannafj\u00e4llet hj\u00e4lper vi dig att f\u00f6rst\u00e5 din katt b\u00e4ttre och ge den det b\u00e4sta livet m\u00f6jligt. Oavsett om du undrar hur du sk\u00f6ter p\u00e4lsen, vilket foder som \u00e4r b\u00e4st, [&hellip;]\" \/>\n<meta property=\"og:url\" content=\"https:\/\/sannafjallet.se\/\" \/>\n<meta property=\"og:site_name\" content=\"sannafjallet.se\" \/>\n<meta property=\"article:modified_time\" content=\"2025-02-24T07:34:08+00:00\" \/>\n<meta name=\"twitter:card\" content=\"summary_large_image\" \/>\n<meta name=\"twitter:label1\" content=\"Est. reading time\" \/>\n\t<meta name=\"twitter:data1\" content=\"1 minute\" \/>\n<script type=\"application\/ld+json\" class=\"yoast-schema-graph\">{\"@context\":\"https:\/\/schema.org\",\"@graph\":[{\"@type\":\"WebPage\",\"@id\":\"https:\/\/sannafjallet.se\/\",\"url\":\"https:\/\/sannafjallet.se\/\",\"name\":\"Sannafj\u00e4llet - sannafjallet.se\",\"isPartOf\":{\"@id\":\"https:\/\/sannafjallet.se\/#website\"},\"datePublished\":\"2025-02-11T15:54:02+00:00\",\"dateModified\":\"2025-02-24T07:34:08+00:00\",\"breadcrumb\":{\"@id\":\"https:\/\/sannafjallet.se\/#breadcrumb\"},\"inLanguage\":\"en-US\",\"potentialAction\":[{\"@type\":\"ReadAction\",\"target\":[\"https:\/\/sannafjallet.se\/\"]}]},{\"@type\":\"BreadcrumbList\",\"@id\":\"https:\/\/sannafjallet.se\/#breadcrumb\",\"itemListElement\":[{\"@type\":\"ListItem\",\"position\":1,\"name\":\"Home\",\"item\":\"https:\/\/sannafjallet.se\/\"},{\"@type\":\"ListItem\",\"position\":2,\"name\":\"Sannafj\u00e4llet\"}]},{\"@type\":\"WebSite\",\"@id\":\"https:\/\/sannafjallet.se\/#website\",\"url\":\"https:\/\/sannafjallet.se\/\",\"name\":\"sannafjallet.se\",\"description\":\"\",\"publisher\":{\"@id\":\"https:\/\/sannafjallet.se\/#organization\"},\"potentialAction\":[{\"@type\":\"SearchAction\",\"target\":{\"@type\":\"EntryPoint\",\"urlTemplate\":\"https:\/\/sannafjallet.se\/?s={search_term_string}\"},\"query-input\":{\"@type\":\"PropertyValueSpecification\",\"valueRequired\":true,\"valueName\":\"search_term_string\"}}],\"inLanguage\":\"en-US\"},{\"@type\":\"Organization\",\"@id\":\"https:\/\/sannafjallet.se\/#organization\",\"name\":\"sannafjallet.se\",\"url\":\"https:\/\/sannafjallet.se\/\",\"logo\":{\"@type\":\"ImageObject\",\"inLanguage\":\"en-US\",\"@id\":\"https:\/\/sannafjallet.se\/#\/schema\/logo\/image\/\",\"url\":\"https:\/\/sannafjallet.se\/wp-content\/uploads\/2025\/02\/sannafjallet.png\",\"contentUrl\":\"https:\/\/sannafjallet.se\/wp-content\/uploads\/2025\/02\/sannafjallet.png\",\"width\":500,\"height\":155,\"caption\":\"sannafjallet.se\"},\"image\":{\"@id\":\"https:\/\/sannafjallet.se\/#\/schema\/logo\/image\/\"}}]}<\/script>\n<!-- \/ Yoast SEO plugin. -->","yoast_head_json":{"title":"Sannafj\u00e4llet - sannafjallet.se","robots":{"index":"index","follow":"follow","max-snippet":"max-snippet:-1","max-image-preview":"max-image-preview:large","max-video-preview":"max-video-preview:-1"},"canonical":"https:\/\/sannafjallet.se\/","og_locale":"en_US","og_type":"article","og_title":"Sannafj\u00e4llet - sannafjallet.se","og_description":"V\u00e4lkommen till Sannafj\u00e4llet \u2013 F\u00f6r en glad och frisk katt! Att ha en katt \u00e4r en fantastisk upplevelse, men det kommer ocks\u00e5 med ansvar. H\u00e4r p\u00e5 Sannafj\u00e4llet hj\u00e4lper vi dig att f\u00f6rst\u00e5 din katt b\u00e4ttre och ge den det b\u00e4sta livet m\u00f6jligt. Oavsett om du undrar hur du sk\u00f6ter p\u00e4lsen, vilket foder som \u00e4r b\u00e4st, [&hellip;]","og_url":"https:\/\/sannafjallet.se\/","og_site_name":"sannafjallet.se","article_modified_time":"2025-02-24T07:34:08+00:00","twitter_card":"summary_large_image","twitter_misc":{"Est. reading time":"1 minute"},"schema":{"@context":"https:\/\/schema.org","@graph":[{"@type":"WebPage","@id":"https:\/\/sannafjallet.se\/","url":"https:\/\/sannafjallet.se\/","name":"Sannafj\u00e4llet - sannafjallet.se","isPartOf":{"@id":"https:\/\/sannafjallet.se\/#website"},"datePublished":"2025-02-11T15:54:02+00:00","dateModified":"2025-02-24T07:34:08+00:00","breadcrumb":{"@id":"https:\/\/sannafjallet.se\/#breadcrumb"},"inLanguage":"en-US","potentialAction":[{"@type":"ReadAction","target":["https:\/\/sannafjallet.se\/"]}]},{"@type":"BreadcrumbList","@id":"https:\/\/sannafjallet.se\/#breadcrumb","itemListElement":[{"@type":"ListItem","position":1,"name":"Home","item":"https:\/\/sannafjallet.se\/"},{"@type":"ListItem","position":2,"name":"Sannafj\u00e4llet"}]},{"@type":"WebSite","@id":"https:\/\/sannafjallet.se\/#website","url":"https:\/\/sannafjallet.se\/","name":"sannafjallet.se","description":"","publisher":{"@id":"https:\/\/sannafjallet.se\/#organization"},"potentialAction":[{"@type":"SearchAction","target":{"@type":"EntryPoint","urlTemplate":"https:\/\/sannafjallet.se\/?s={search_term_string}"},"query-input":{"@type":"PropertyValueSpecification","valueRequired":true,"valueName":"search_term_string"}}],"inLanguage":"en-US"},{"@type":"Organization","@id":"https:\/\/sannafjallet.se\/#organization","name":"sannafjallet.se","url":"https:\/\/sannafjallet.se\/","logo":{"@type":"ImageObject","inLanguage":"en-US","@id":"https:\/\/sannafjallet.se\/#\/schema\/logo\/image\/","url":"https:\/\/sannafjallet.se\/wp-content\/uploads\/2025\/02\/sannafjallet.png","contentUrl":"https:\/\/sannafjallet.se\/wp-content\/uploads\/2025\/02\/sannafjallet.png","width":500,"height":155,"caption":"sannafjallet.se"},"image":{"@id":"https:\/\/sannafjallet.se\/#\/schema\/logo\/image\/"}}]}},"_links":{"self":[{"href":"https:\/\/sannafjallet.se\/index.php?rest_route=\/wp\/v2\/pages\/21","targetHints":{"allow":["GET"]}}],"collection":[{"href":"https:\/\/sannafjallet.se\/index.php?rest_route=\/wp\/v2\/pages"}],"about":[{"href":"https:\/\/sannafjallet.se\/index.php?rest_route=\/wp\/v2\/types\/page"}],"author":[{"embeddable":true,"href":"https:\/\/sannafjallet.se\/index.php?rest_route=\/wp\/v2\/users\/2"}],"replies":[{"embeddable":true,"href":"https:\/\/sannafjallet.se\/index.php?rest_route=%2Fwp%2Fv2%2Fcomments&post=21"}],"version-history":[{"count":58,"href":"https:\/\/sannafjallet.se\/index.php?rest_route=\/wp\/v2\/pages\/21\/revisions"}],"predecessor-version":[{"id":208,"href":"https:\/\/sannafjallet.se\/index.php?rest_route=\/wp\/v2\/pages\/21\/revisions\/208"}],"wp:attachment":[{"href":"https:\/\/sannafjallet.se\/index.php?rest_route=%2Fwp%2Fv2%2Fmedia&parent=21"}],"curies":[{"name":"wp","href":"https:\/\/api.w.org\/{rel}","templated":true}]}}